ainder when 28302 is divided by 8556?
2634
What is the remainder when 9977311 is divided by 475110?
1
Calculate the remainder when 23609676 is divided by 216.
12
Calculate the remainder when 8635324 is divided by 1485.
49
What is the remainder when 252880 is divided by 10996?
10968
Calculate the remainder when 25258 is divided by 24846.
412
What is the remainder when 2203265 is divided by 284?
277
Calculate the remainder when 45456 is divided by 258.
48
What is the remainder when 18298 is divided by 3071?
2943
Calculate the remainder when 7264000 is divided by 11.
7
Calculate the remainder when 353425 is divided by 350109.
3316
What is the remainder when 1759038 is divided by 351288?
2598
What is the remainder when 1037571 is divided by 9?
6
Calculate the remainder when 911467 is divided by 3895.
37
What is the remainder when 5334467 is divided by 166701?
35
Calculate the remainder when 632647 is divided by 24255.
2017
What is the remainder when 8415035 is divided by 252?
251
What is the remainder when 113616 is divided by 5405?
111
Calculate the remainder when 68638 is divided by 1136.
478
What is the remainder when 2845781 is divided by 15?
11
Calculate the remainder when 1340797 is divided by 22725.
22
What is the remainder when 2199235 is divided by 29?
20
What is the remainder when 12338477 is divided by 99?
8
What is the remainder when 1504855 is divided by 1504849?
6
Calculate the remainder when 194824 is divided by 2121.
1813
What is the remainder when 29380808 is divided by 9793581?
65
Calculate the remainder when 23858 is divided by 174.
20
Calculate the remainder when 373384 is divided by 2482.
1084
What is the remainder when 123980 is divided by 287?
283
What is the remainder when 144053 is divided by 1117?
1077
Calculate the remainder when 338976878 is divided by 3020.
3018
Calculate the remainder when 228273 is divided by 113239.
1795
What is the remainder when 967848 is divided by 16976?
216
Calculate the remainder when 87520 is divided by 409.
403
Calculate the remainder when 1216561 is divided by 1253.
1151
What is the remainder when 13583544 is divided by 73?
69
Calculate the remainder when 84735 is divided by 42354.
27
Calculate the remainder when 89324300 is divided by 11165537.
4
Calculate the remainder when 786501 is divided by 810.
801
What is the remainder when 3863287 is divided by 1144?
1143
Calculate the remainder when 225839 is divided by 6450.
89
What is the remainder when 99050 is divided by 734?
694
What is the remainder when 22423 is divided by 476?
51
Calculate the remainder when 28365932 is divided by 32234.
12
What is the remainder when 10628388 is divided by 17?
5
Calculate the remainder when 7494914 is divided by 21353.
11
What is the remainder when 10478369 is divided by 1653?
2
Calculate the remainder when 4170337 is divided by 34465.
72
What is the remainder when 100004034 is divided by 3155?
3154
Calculate the remainder when 319373 is divided by 158520.
2333
What is the remainder when 977846601 is divided by 7?
4
What is the remainder when 184876 is divided by 61520?
316
Calculate the remainder when 247647 is divided by 161.
29
Calculate the remainder when 30936066 is divided by 69519.
111
Calculate the remainder when 186980 is divided by 189.
59
What is the remainder when 1100157 is divided by 42313?
19
What is the remainder when 12456 is divided by 330?
246
Calculate the remainder when 289083 is divided by 2022.
1959
Calculate the remainder when 144059445 is divided by 996.
993
Calculate the remainder when 4329680 is divided by 1082416.
16
Calculate the remainder when 2321903 is divided by 2321901.
2
What is the remainder when 569467 is divided by 284730?
7
What is the remainder when 32773 is divided by 1171?
1156
Calculate the remainder when 53403390 is divided by 32.
30
Calculate the remainder when 196956 is divided by 373.
12
Calculate the remainder when 1405068448 is divided by 468356147.
7
What is the remainder when 184706 is divided by 4513?
4186
What is the remainder when 1061611 is divided by 661?
45
What is the remainder when 13043 is divided by 3707?
1922
What is the remainder when 2176125 is divided by 311?
58
Calculate the remainder when 5088054 is divided by 92510.
4
What is the remainder when 900533 is divided by 162?
137
What is the remainder when 97989646 is divided by 251?
250
What is the remainder when 11517965 is divided by 77?
74
Calculate the remainder when 1181921 is divided by 488.
473
Calculate the remainder when 960264 is divided by 359.
298
What is the remainder when 3498534 is divided by 874630?
14
Calculate the remainder when 9349447 is divided by 3930.
3907
What is the remainder when 42689 is divided by 5279?
457
Calculate the remainder when 710948 is divided by 4207.
4172
Calculate the remainder when 1196635 is divided by 598293.
49
Calculate the remainder when 12752480 is divided by 455433.
356
Calculate the remainder when 19284541 is divided by 267.
199
Calculate the remainder when 142209 is divided by 745.
659
Calculate the remainder when 3931062 is divided by 1310326.
84
What is the remainder when 6132640 is divided by 1339?
20
What is the remainder when 236552 is divided by 29558?
88
What is the remainder when 5915645 is divided by 1604?
93
What is the remainder when 22059951 is divided by 40?
31
Calculate the remainder when 914320 is divided by 5651.
4509
Calculate the remainder when 14301797 is divided by 1340.
1317
What is the remainder when 728960 is divided by 235?
225
What is the remainder when 30286 is divided by 2160?
46
Calculate the remainder when 11525190 is divided by 26.
14
Calculate the remainder when 63352 is divided by 829.
348
What is the remainder when 1454138 is divided by 77?
70
What is the remainder when 2833641 is divided by 2833628?
13
Calculate the remainder when 838300 is divided by 1022.
260
Calculate the remainder when 997033 is divided by 2673.
4
What is the remainder when 1913239 is divided by 1139?
858
Calculate the remainder when 922800 is divided by 6938.
46
What is the remainder when 48100880 is divided by 221663?
9
What is the remainder when 10304589 is divided by 1712?
61
What is the remainder when 5830769 is divided by 32?
17
What is the remainder when 1425127 is divided by 708?
631
What is the remainder when 401100251 is divided by 876?
875
What is the remainder when 2943293 is divided by 478?
247
Calculate the remainder when 318490 is divided by 159226.
38
Calculate the remainder when 5203120 is divided by 174.
172
Calculate the remainder when 280405 is divided by 3340.
3185
What is the remainder when 893651675 is divided by 111?
110
What is the remainder when 87222 is divided by 87143?
79
Calculate the remainder when 8664176 is divided by 6202.
6184
Calculate the remainder when 55321 is divided by 12946.
3537
Calculate the remainder when 28015772 is divided by 14622.
20
What is the remainder when 475354835 is divided by 37?
36
Calculate the remainder when 10617067 is divided by 1219.
796
Calculate the remainder when 44238622 is divided by 24.
22
Calculate the remainder when 153845 is divided by 153845.
0
Calculate the remainder when 839487 is divided by 7429.
10
Calculate the remainder when 45725 is divided by 45641.
84
What is the remainder when 526901 is divided by 5735?
5016
Calculate the remainder when 4233685 is divided by 302405.
15
What is the remainder when 52186081 is divided by 45?
31
What is the remainder when 483124401 is divided by 43920399?
12
Calculate the remainder when 303746 is divided by 15708.
5294
What is the remainder when 35420 is divided by 11494?
938
What is the remainder when 2734708 is divided by 205?
8
What is the remainder when 142883 is divided by 1166?
631
What is the remainder when 153765677 is divided by 68?
65
Calculate the remainder when 305674 is divided by 61047.
439
What is the remainder when 128329087 is divided by 560389?
6
Calculate the remainder when 26000678 is divided by 43.
40
What is the remainder when 479943 is divided by 3966?
57
What is the remainder when 630466 is divided by 127?
38
What is the remainder when 922171 is divided by 546?
523
What is the remainder when 272957 is divided by 68?
5
Calculate the remainder when 3572608 is divided by 2457.
130
Calculate the remainder